m. Is 19 a factor of m?
True
Suppose -5*o + 59 = c, 2*o + 0*o - 21 = -3*c. Suppose 4*a - 2*a = 22. Let u = o + a. Is 12 a factor of u?
False
Is (-260)/8*(-2)/1 a multiple of 13?
True
Let r(m) be the second derivative of 0 - 2*m**2 + 1/6*m**3 - m. Is 3 a factor of r(8)?
False
Let s(x) = x**3 - 2*x**2 - 4. Suppose -2*d - 3*d + 20 = 0. Does 15 divide s(d)?
False
Let n = 1 + 39. Let h = 2 + n. Is 14 a factor of h?
True
Does 5 divide (-2 - 15/(-6))*30?
True
Suppose -2*k = -8*w + 3*w + 311, 0 = 5*w + 5*k - 290. Does 9 divide w?
False
Let n = -8 + 5. Is 17 a factor of n - (-3)/1 - -34?
True
Let j(c) = -c**3 - 6*c**2 + 2. Let s be j(-6). Let w(h) = h**3 - 2*h**2 + 3*h - 1. Does 2 divide w(s)?
False
Let r(y) = y**2 + 8*y + 9. Let j be r(-7). Is 25 a factor of 52*j + (3 - 7)?
True
Let q(j) = j**3 + 6*j**2 + 5*j + 4. Let b be q(-4). Suppose -5*r - 4 = 36. Let g = b + r. Is g a multiple of 4?
True
Let o = -77 - -121. Is 7 a factor of o?
False
Suppose 4*q + 4*k - 358 = q, -q = -k - 131. Suppose -3*d + q = -d. Is d a multiple of 21?
True
Is 15 a factor of (-3 - -7 - 7) + 48?
True
Suppose 0 = 2*n + 4*o + 4, o + 7 + 5 = 5*n. Suppose 28 = 3*p + 3*d - d, -18 = -n*p - 2*d. Is p a multiple of 10?
True
Suppose 192 = -0*m + 4*m. Is 16 a factor of m?
True
Let s = 12 - 13. Is 3 a factor of (-84)/(-24) - s/2?
False
Let q(v) = -2 + 11*v - 16*v + 1 + 5*v**2. Let x be q(5). Let n = -65 + x. Is 17 a factor of n?
True
Suppose 0 = 3*j + 2*j + 5*z - 30, 0 = -4*z - 20. Suppose -q - j = -83. Is q a multiple of 21?
False
Suppose 5*d + 6 + 4 = 0, 14 = -2*u - d. Let l(o) = -2*o - 2. Let y be l(u). Let q = 19 - y. Is q a multiple of 4?
False
Suppose 0 = 5*i + o + 132, -4*o - 42 = 4*i - 2*i. Let h = -17 - i. Does 6 divide h?
False
Let t(o) = 15 - 3 + 4*o - 3*o - 1. Let u be t(-9). Suppose -4*j - 2*r = -102, -u*r = 3*j - 93 + 18. Does 8 divide j?
False
Suppose l - f + 0*f - 6 = 0, -f + 14 = 3*l. Let q = 20 - l. Does 11 divide q?
False
Let v(q) = -q**2 + 4*q - 1. Let a be v(3). Suppose -4*i + 1 = -a*n - 7, -4*n + 11 = i. Suppose r - i = 15. Is r a multiple of 18?
True
Let z be (-1)/(-1)*1*3. Suppose z*p - 32 = 10. Does 10 divide p?
False
Suppose -4*r - 21 = -1037. Suppose 2*p = -60 + r. Is p a multiple of 25?
False
Let h(c) = c**3 + 28*c**2 + 25*c - 12. Is 14 a factor of h(-27)?
True
Let r be -6*7/(7/(-36)). Suppose 0 = -2*z - 5*n + 108, n = -z + 5*z - r. Is 12 a factor of z?
False
Let a(d) = -d + 1. Let h(z) = -4*z + 17. Let v(i) = -5*a(i) + h(i). Let r = -12 + 3. Is v(r) a multiple of 3?
True
Let k(p) = 2*p - 2. Let j be k(3). Suppose j*s = -c + 2*c + 48, -5*c = -3*s + 36. Is 12/6 + s + 0 a multiple of 7?
True
Let z(r) = -13*r - 2. Let n(t) = 2*t**2 - 4*t + 2. Let s be n(3). Suppose -5*y - 2 = s. Is z(y) a multiple of 15?
False
Let k be (-1)/2 - (-45)/10. Suppose 2*r - k*r + 84 = 0. Is 14 a factor of r?
True
Let l be 0 - (4/(-2) - -2). Suppose -3*g - 17 - 16 = l. Let x = 28 + g. Is x a multiple of 13?
False
Let p(i) = 2*i + 18. Is p(14) a multiple of 7?
False
Let w = 549 - 244. Suppose u - w = 6*u. Let s = u - -107. Is s a multiple of 23?
True
Let l(v) = v**3 + 6*v**2 - 9*v - 7. Does 4 divide l(-7)?
False
Let d = 13 + -24. Let r(w) = w**2 + 10*w + 1. Is r(d) a multiple of 6?
True
Suppose 9*i + 108 = 11*i. Is i a multiple of 18?
True
Let o = -1 - 2. Is -1 + (-2 - o)*19 a multiple of 15?
False
Let m(y) = -86*y**3 - y**2 - y + 1. Let b be m(1). Let w = 127 + b. Does 18 divide w?
False
Is (26 - -5 - -3)*3 a multiple of 9?
False
Let m(g) = -g**2 + 17*g - 14. Is 8 a factor of m(15)?
True
Suppose 3*i = -m - 10, 4*m = i - 3*i. Does 2 divide m?
True
Suppose 4*s - 340 - 124 = 0. Let j(c) = -80*c**2 - c. Let n be j(1). Let t = n + s. Is 15 a factor of t?
False
Suppose -6*d = -336 - 384. Is d a multiple of 30?
True
Suppose -4*q - 336 = -8*q. Is 28 a factor of q?
True
Suppose n + 2*n = 24. Does 4 divide n?
True
Let u = 4 - 4. Suppose u*l - 5*l + 38 = 3*t, 6 = t + 5*l. Let o = 37 - t. Is o a multiple of 9?
False
Suppose 5*r = 4*r - 3*h + 11, 2*r + 3*h - 13 = 0. Suppose 0 = 5*z + 3*a - 216, -3*z + r*z - 5*a = -52. Is z a multiple of 15?
False
Let g(b) = -b - 26. Let q be g(0). Let p = -16 - q. Is 5 a factor of p?
True
Let p be (-3)/(-1) + (4 - 15). Let y = p + 8. Suppose y*o - 24 = -3*o. Is o a multiple of 4?
True
Is 13 a factor of (-1)/(-2) - 935/(-34)?
False
Suppose 0 = o - 1 - 14. Let m = -10 + o. Does 3 divide m?
False
Let v = -8 + 13. Suppose -o - 3*o = v*n - 30, 4 = -3*n + 2*o. Is n even?
True
Let r = 136 - 15. Is r a multiple of 35?
False
Let f = -1 + 44. Is 9 a factor of f?
False
Let h(x) = 3*x - 9. Let m be h(5). Suppose -5*g + 1 = -a + 16, 0 = -5*a - g + 23. Suppose -9 - m = -a*t. Does 3 divide t?
True
Let r = -45 - -63. Let c = 45 - r. Is c a multiple of 8?
False
Suppose -u + k + 46 = 0, -3*k - 142 = -3*u - k. Let j = u + -35. Is 9 a factor of j?
False
Let h(x) be the third derivative of -x**5/30 + x**4/24 + 2*x**2. Let n be h(-2). Is 11 a factor of ((-92)/n)/(2/5)?
False
Let v(c) = 3*c**3 - 8*c**2 + 11*c - 30. Let j(o) = 2*o**3 - 5*o**2 + 7*o - 20. Let i(q) = -8*j(q) + 5*v(q). Is 10 a factor of i(0)?
True
Suppose 2*w - 2 - 6 = 0. Suppose -15 = -y - w*y. Does 2 divide y?
False
Suppose -2*r = -6*r + 20. Does 2 divide r?
False
Is 17 a factor of 69*(8/(-30) - (-3)/5)?
False
Suppose -q + 2*q + 13 = 0. Let i = -2 - q. Is 11 a factor of i?
True
Suppose -5*i + 67 = 5*c + 2, -35 = -3*c - 4*i. Is c a multiple of 17?
True
Let o = 1 - 0. Let z be o/(-2)*(-4 - 162). Let a = z - 55. Is a a multiple of 14?
True
Let t(x) be the third derivative of x**5/60 + x**4/24 - x**3/2 + x**2. Let m be t(6). Let h = m - 17. Does 11 divide h?
True
Suppose -x + 5*x - 200 = 0. Suppose -132 = -3*a - 3*z, 3*z + x + 18 = 2*a. Does 20 divide a?
True
Suppose -6*t = 3*t - 549. Is 14 a factor of t?
False
Is (-210)/(-2) - (1 + -3) a multiple of 28?
False
Let d(m) = 3*m**2 + 5*m - 45. Let r(t) = -2*t**2 - 3*t + 23. Let p(o) = -3*d(o) - 5*r(o). Is p(0) a multiple of 10?
True
Let r(m) = -m - 3. Let o = -6 + 0. Let u be r(o). Suppose 0 = -u*l - 23 + 71. Is 16 a factor of l?
True
Suppose -5*b = 3*d - 17, 1 + 23 = 2*d - 3*b. Suppose 4*i = 2 - 10. Is 11 a factor of (i - d)/(-2 - -1)?
True
Suppose -26 = -5*o - 2*w + 3*w, 4*w + 9 = o. Suppose -o*p + 1 = -4*p + 2*d, 8 = -4*p - 2*d. Let s = p + 13. Is s a multiple of 9?
False
Let u = 5 - 4. Is 65 - 4 - (-2)/u a multiple of 24?
False
Suppose 2*h - 2*l + 134 = 4*h, 5*h + 4*l - 336 = 0. Is 17 a factor of h?
True
Suppose 4*s + 18 - 586 = 0. Does 25 divide s?
False
Suppose 2*t + 30 = 5*p, 2*p + 8 = -t + 29. Let b be (-410)/p + 2/8. Let y = -1 - b. Does 24 divide y?
False
Let b(i) = i**2 - 2*i + 3. Let v be b(2). Suppose -4*c - 4 = -3*f, -2*c - 2*f + v*f = 0. Is 18 a factor of 17*2 - (0 - c)?
True
Let n(p) = 0 - 5 + 3 - 5 + 11*p + p**2. Is 6 a factor of n(-13)?
False
Suppose 2 = -2*b - 3*b - f, 5*f = -3*b - 10. Suppose b = -3*q + 2*q + 7. Is 7 a factor of q?
True
Let t = -59 - -131. Suppose 4*d - 3*w + w = t, 3*w + 60 = 3*d. Does 8 divide d?
True
Let k = -5 - -2. Let s be (1 - k)*(-6)/(-8). Suppose -s*j + 176 = j. Is 22 a factor of j?
True
Suppose 4 + 5 = 3*t. Suppose -10 = t*d - 5*d. Is d even?
False
Let k(x) = x**3 + 13*x**2 + 7. Let w(u) = -u**3 + 2*u**2 - u - 1. Let v be w(3). Is k(v) a multiple of 5?
False
Let f = -5 - 0. Let q = f - -9. Let i = 9 - q. Is 5 a factor of i?
True
Let d(a) = a**3 + 6*a**2 + a - 1. Is 6 a factor of d(-4)?
False
Is 33 a factor of (-1)/(-6) + 3/(108/5934)?
True
Suppose 3 = 3*x - 9. Suppose -4*n + 24 - x = 0. Is n a multiple of 5?
True
Let p = 70 - -13. Let v = -48 + p. Is 35 a factor of v?
True
Let n(i) = 2*i**2 + 3*i + 1. Suppose d + 3 = 6. Does 17 divide n(d)?
False
Let q = 322 + -133. Is 5 a factor of (q/(-18))/((-1)/2)?
False
Let i(k) = k + 14. Let o(m) = m + 13. Let g(t) = -5*i(t) + 6*o(t). Does 4 divide g(0)?
True
Suppose -2*r + 6 = -2. Let i be (8/(-6))/(r/(-690)). Suppose -x - i = -6*x. Is x a multiple of 23?
True
Is 24 a factor of 127*(3 - (1 + 1))?
False
Let d(y) = 3*y + 4. Is d(6) a multiple of 11?
True
Suppose 2*w = 3*w - 4*d - 186, -3*w - 4*d + 526 = 0. Is w a multiple of 28?
False
Let r = 9 - -10. Suppose 0 = -3*p + 15, 4*y = y - 2*p + r. Is 2 a factor of y?
False
Let f be (-2530)/33 + (-1)/3. Let a = -25 - f. Is 12 a factor of a?
False
Le